e (-4)/22 - (-120)/55. Let u(y) = 1 + 4 - 2*y**2 + y**3 - 2*y - k - r. Determine u(2).
-3
Let u be -5*(-4 + (-78)/(-15)). Let j(z) = -z**2 - 7*z + 6. What is j(u)?
12
Let y = 5 - 1. Let q(w) = y*w - 4*w + 1 - 5*w + 4*w. Determine q(-2).
3
Let j(y) = -4*y**2 + 1. Suppose -f - 17 = -3*h - 3*f, 0 = 5*h + f - 19. Let k(i) = 7 + i**2 - 3 + 3*i - h. Let r be k(-1). Give j(r).
-3
Suppose 3*d + 33 = 6*d. Let v(a) = a**2 - 10*a - 12. Calculate v(d).
-1
Let n(b) = b**3 + 4*b**2 + 3*b + 4. Let c = 6 + 0. Suppose -6*f - c = -4*f. Give n(f).
4
Let h(s) = -2*s**2 + 3*s + 2. Suppose 0 = 5*i + o - 23, 2*i = 2*o + 3*o + 20. Let f(n) = n**2 - 6*n + 3. Let l be f(i). Give h(l).
-12
Suppose -3*r - 40 = -46. Let o(n) = 4*n + 2. What is o(r)?
10
Let p(y) = -3 + 1 - 20*y**3 - y**2 + y + 1 + 27*y**3. Suppose -3*h + 2 + 13 = 0, 3*c - 4*h = -17. What is p(c)?
6
Let p(f) = f**2 + 5*f + 5. Let h(c) = c**3 + 10*c**2 - 10*c + 14. Let q be h(-11). Let j = -8 + q. Give p(j).
5
Let x(m) be the first derivative of m**3 - m**2/2 + 10. Calculate x(-1).
4
Let g(m) = -2*m + 1. Let z(f) = 3*f - f + 1 - 4*f. Let x(p) = -4*g(p) + 6*z(p). Let d(k) = k - 3. Let o be d(5). Calculate x(o).
-6
Let i = -6 + 9. Suppose 2*s = -i*s. Let h(f) = f + 7. Determine h(s).
7
Let l be -2 + (0 - (0 + -1)). Suppose 5*p - 2*j = -3 + 22, 4*p - 10 = -j. Let a(q) = -4*q**3 + q + 5*q**3 + 5*q**p. Determine a(l).
-7
Let i(q) be the second derivative of -q**6/720 + q**5/30 - q**4/3 + 4*q. Let y(u) be the third derivative of i(u). Let b be 0 - -1 - 0 - -2. Give y(b).
1
Let i(h) be the first derivative of h**4/4 - h**3/3 + h**2/2 - 9*h - 2. Suppose -5*f + 2*f = -12. Let z = f - 4. Determine i(z).
-9
Let g(i) = -2*i**3 - i**2 - 3*i - 2. Let n(w) = w**3 + w**2 + 2*w + 2. Let u(b) = -2*g(b) - 3*n(b). What is u(0)?
-2
Suppose -5*k + 10*k = 10. Let m(v) = -3*v**k + v - 4*v + v + v. Give m(-1).
-2
Let k(g) = -g**3 + 6*g**2 + g + 1. Let h be (-10 - -1)/((-60)/40). Calculate k(h).
7
Let m(q) = -5*q**2 - 3*q + 2. Let z(n) = -3*n**2 - n + 2. Let o(h) = 2*m(h) - 3*z(h). Let p(u) = u**3 - 4*u**2 + 4*u - 3. Let k be p(2). Calculate o(k).
-2
Let k(w) = -w**2 - 3*w + 7. Let p be k(-5). Let f = -7 + 10. Let y(j) = 2*j**2 + 3*j - 4. Let c(n) = -1. Let g(o) = f*c(o) - y(o). Give g(p).
-8
Suppose 2*k - 3*k + 2*v = -6, -4*k = -3*v - 14. Suppose -k*m - 2 = 2. Let h(y) = 2*y + 1. Give h(m).
-3
Let b(g) be the third derivative of 0*g + 1/6*g**5 + 0*g**4 + 3*g**2 - 1/6*g**3 + 0. Calculate b(-1).
9
Let k(w) be the second derivative of w**6/72 + w**5/60 + w**4/24 - w**3/3 + 2*w. Let v(r) be the second derivative of k(r). Determine v(-1).
4
Let l(u) = -u**2 - 6*u - 2. Suppose 5*a + 0*j + 37 = -j, -2*a - 8 = -3*j. Calculate l(a).
-9
Suppose -3*h + h = 4. Let g be (h/(-3))/(1/(-3)). Let j(a) be the first derivative of -a**4/2 - a**3 + 2*a + 1. What is j(g)?
6
Let x(m) = m - 2*m + 2*m + 2 + 0*m. What is x(-3)?
-1
Let y(k) = -8*k**2 + k + 1. Suppose -3 = 2*f - 1. Let i be (1/f)/(-2)*-2. What is y(i)?
-8
Let r = -14 - -13. Let s(b) = b**3 - b. What is s(r)?
0
Let n(r) be the third derivative of -r**6/120 + r**5/12 - 7*r**4/24 + r**3 - 8*r**2. Determine n(4).
-6
Let b(s) = s**3 + 4*s**2 + 5. Let o be 4/6 - 8/3. Let w be 1/o - (-7)/(-2). Give b(w).
5
Let t(q) = -q**2 + 4*q - 4 - 4*q. Let g(p) = p**3 + 8*p**2 + 5*p - 9. Let s be g(-7). Let c = 5 - s. Determine t(c).
-4
Let q(d) = d**2 + 3*d - 5. Let o be q(-4). Let c(b) = -b - 1. Let p(j) = 5*j**2 - 6*j - 6. Let f(n) = o*p(n) + 5*c(n). Let l = -6 + 5. Calculate f(l).
-5
Let f(a) = 7*a + 0*a + a**3 + 2 - 9*a**2 + 1 + 4. Suppose 48 - 16 = 4*g. Let y be f(g). Let z(m) = -7*m**2 + m. What is z(y)?
-8
Let y(u) = 2*u + 6*u - 4*u + 3*u + 2. Determine y(-2).
-12
Suppose 2*v + 4 = 0, -48 = -5*k + 4*v - 10. Let o be k/(-33) + 92/22. Let a(x) = 2 + x**2 - 3 - o - x. What is a(0)?
-5
Let j(p) = p**3 + p**2 + p + 1. Let z(d) = 4*d**3 + 6*d**2 + 4*d + 18. Let l be (-2)/(-4) + 3/(-2). Let v(o) = l*z(o) + 5*j(o). Calculate v(0).
-13
Let t(m) = m**2 - 9*m + 9. Let p be t(8). Let x be (-1 - p) + (-4)/(-2). Let w(v) be the first derivative of v**4/4 + 4*v - 5. Calculate w(x).
4
Let o(n) = -n**3 - 7*n**2 - 6*n + 5. Suppose 0 = -5*h + 3*h + 4*d - 4, d + 32 = -5*h. Determine o(h).
5
Let n = 12 + -1. Let b = -16 + n. Let s(g) = g**3 + 6*g**2 + 6*g + 7. Calculate s(b).
2
Let f(b) = b**2 - 6*b - 6. Let z(h) = h**2 - 6*h. Let v be z(6). Suppose 6*w - 2*w - 24 = v. Calculate f(w).
-6
Let g(p) = p + 4. Suppose 3*f = -0*f + 9. Suppose 3*u + f = 12. Let m be (-1)/u + (-4)/(-12). Determine g(m).
4
Let c(t) = t - 4*t + 1 + 5*t. Give c(3).
7
Let o(q) = 9 - 29 - q + 5 + 7. Give o(-7).
-1
Let g = -49/6 - -26/3. Let n(s) be the first derivative of -1 - 1/4*s**4 - 1/3*s**3 + s - g*s**2. Give n(1).
-2
Let v be 0/(1 + 3 + -1). Suppose 4*m + 2*w = -v*m + 14, -m + 4*w - 1 = 0. Suppose s = -m*h + 11, s - 4*h = 4*s - 13. Let l(o) = 7*o**3 - o**2 - o. What is l(s)?
-7
Let p(b) = 4 + 2*b - 1 - 7 + b**2. Determine p(-4).
4
Suppose 5*p = -p. Let m(f) be the second derivative of f + 1/2*f**3 + p + 2*f**2. Determine m(-3).
-5
Let z = 3 - -1. Let i(d) = -4 - 4*d + 2*d + 3*d - z*d + d**2. Determine i(4).
0
Let x(b) = 3*b - 1. Suppose -3*d + 4*l = -2*d - 6, 5*d + 2*l + 14 = 0. Let y(a) = a**3 + 3*a**2 + 4*a + 2. Let r be y(d). Let q be 1/(-2 - r - -1). Give x(q).
2
Let k = -1 - -1. Suppose k = x - 2*x + 3. Let v be (6/(-4))/x*2. Let n(s) = -6*s**3 + s**2 - 1. Determine n(v).
6
Let c(m) = 2*m + 1. Let s(w) = -3*w**3 - w**2 + 1. Let z be s(-1). Suppose i + 0*i + 4*p - 21 = 0, z*i + p - 8 = 0. Give c(i).
3
Let d(q) = -4*q + 1. Let x = -5 - -4. Let t be (-2)/x + -2 + -1. Determine d(t).
5
Let d(m) = m - 5. Let x be d(4). Let f = x - -5. Let u(w) = -w**2 + 4*w - 1. Determine u(f).
-1
Suppose -4*i + 39 = -29. Suppose 0 = -3*r - 0*t + t - i, 0 = -r - t + 1. Let u(k) = -k**2 - 3*k - 1. Determine u(r).
-5
Let w = 0 + 2. Let r(p) = 4*p - 3*p + 0*p - w. What is r(-2)?
-4
Let a(u) = u**3 - 6*u**2 - 8*u + 10. Let j be a(7). Let d(t) = -3*t - 5*t**2 + j*t - 1 + 0*t + 2*t. Determine d(1).
-4
Let d be (-7)/28 + (-42)/(-8). Suppose -i = -5*y + 12 + 1, d*i + 13 = -y. Let m(k) = -3*k + 3*k + k + 3*k**2 - y. Determine m(-2).
8
Let p = -6 + 8. Suppose -j = p*w - 0*w - 3, w - 6 = j. Let v(q) = 1 - q + q - q - q**3 + w*q**2. Determine v(3).
-2
Suppose -3*a + n = -17, -a = -0*n - n - 9. Let x(t) = -4*t**2 + 1 - a*t + 5*t**2 + 11*t + 0*t**2. Determine x(-5).
-9
Let x(v) = -5*v**3 + 3*v**2 - v - 4. Suppose 8 = 5*a - 7. Let w(g) = 0 + 9*g**a + 9 + 2*g - 4*g**3 - 7*g**2 + 6*g**3. Let j(f) = 6*w(f) + 13*x(f). What is j(3)?
-1
Let f(b) = b**2 + 4*b - 8. Let k be f(-6). Suppose 0 = k*o + 2*c - 14, -3*o - 10 = -2*o - 4*c. Let y(r) = -2*r - 8*r**2 + o - 1 + r**2 + 0*r**2. What is y(1)?
-8
Suppose 4*x = x. Suppose -3*a + x*a + 12 = 0. Let q(v) = v**3 - 3*v**2 - 6*v + 4. What is q(a)?
-4
Let k(h) be the first derivative of -h**4/4 - h**3/3 + h**2/2 - 14*h + 1. Let g = 256 + -256. What is k(g)?
-14
Let o(h) be the second derivative of -h**5/60 + h**3/3 - h**2/2 + 3*h. Let l(x) be the first derivative of o(x). What is l(-2)?
-2
Let a(r) = -r**2 - 8*r + 4. Let j(z) = -z + 1. Let d(g) = a(g) - 5*j(g). Determine d(-4).
-5
Let a(g) be the first derivative of g**5/60 + g**4/24 - g**3/6 + g**2 + 2. Let j(q) be the second derivative of a(q). Determine j(-3).
5
Let x(m) be the second derivative of m**4/12 - 5*m**3/6 - m**2/2 + 11*m. Let b be (-85)/(-20) + (-1)/4. Give x(b).
-5
Let h be 6*(3/9 + 0). Let v(z) = -4 + z - 2 - h + 1. Give v(0).
-7
Let q(j) = j**3 - 8*j**2 - 3*j - 2. Let c(v) = -3*v**3 + 17*v**2 + 5*v + 3. Let y(m) = -2*c(m) - 5*q(m). Give y(-5).
4
Let o(q) = 4*q**2 + q - 1. Let v(d) = -7*d**2 - 2*d + 3. Let c(r) = -5*o(r) - 3*v(r). Calculate c(0).
-4
Let g(y) = -25*y + 4*y**2 - 2*y**2 + 4 + 25*y. What is g(-3)?
22
Let t(y) be the first derivative of y**2 + 2*y - 53. Give t(-1).
0
Let z be (-4 - -2)/((-1)/2). Let f(p) = -5 + 8*p + z - p. What is f(1)?
6
Let c(p) = p + 4. Suppose -20 = 6*d - 2*d. Let f(y) = y**3 + 8*y**2 + 8*y - 3. Let h be f(-7). Let n = h - d. Determine c(n).
-1
Suppose -4*y = -2*i - 0*y, 3*i - 15 = y. Let p(b) = -b + 2. Determine p(i).
-4
Let n(j) be the second derivative of j**4/12 - 5*j**3/6 - 3*j**2 - 8*j. Suppose 2*w + 15 = 5*r, 0 = -0*r - 5*r + 25. De